75
In base 15, what is -d6 - -21?
-b5
In base 12, what is -290 + 2?
-28a
In base 15, what is -3 + -487?
-48a
In base 3, what is 1 + -12022?
-12021
In base 5, what is -42 + 31?
-11
In base 16, what is -3 + -2d?
-30
In base 5, what is 204 + 21?
230
In base 3, what is -10 - -2200220?
2200210
In base 5, what is 4333 - -3?
4341
In base 13, what is 0 - -45?
45
In base 12, what is -2 + -3a?
-40
In base 9, what is -32 - 385?
-427
In base 10, what is 38 + -4?
34
In base 12, what is 7 + 3?
a
In base 13, what is -11928 + -1?
-11929
In base 5, what is 10 - 110?
-100
In base 15, what is 58b - 0?
58b
In base 10, what is -594 + -4?
-598
In base 2, what is 110100001 + 1000?
110101001
In base 9, what is 1 + 150?
151
In base 14, what is -266 - 1?
-267
In base 10, what is 4 + 2505?
2509
In base 7, what is -10 - -54?
44
In base 16, what is -4ab - 5?
-4b0
In base 14, what is -3 - -135?
132
In base 13, what is -2666 + -4?
-266a
In base 15, what is -3 + 65?
62
In base 12, what is 5 + 208?
211
In base 6, what is -11 + -552?
-1003
In base 5, what is -203 - -10?
-143
In base 5, what is 4 + 30?
34
In base 10, what is -5 - -579?
574
In base 7, what is 2 - -34?
36
In base 2, what is -10 - 11111?
-100001
In base 3, what is 12 + 1200111?
1200200
In base 15, what is 88e - -5?
894
In base 10, what is 2 + -95?
-93
In base 8, what is -35 + 5?
-30
In base 3, what is -2 + -1220?
-1222
In base 4, what is -2 + 23310?
23302
In base 7, what is -1 + -44?
-45
In base 10, what is 29 - 2?
27
In base 15, what is 734 - -3?
737
In base 13, what is 1b1 - 0?
1b1
In base 10, what is -2 - -542?
540
In base 7, what is -116 - 30?
-146
In base 8, what is -27 + -121?
-150
In base 2, what is 110000001 + -11?
101111110
In base 9, what is 430 - 3?
426
In base 4, what is -110 + -322?
-1032
In base 6, what is -43 - 23?
-110
In base 10, what is 4 - -67?
71
In base 7, what is -3522 + -5?
-3530
In base 12, what is -3 - -388a?
3887
In base 14, what is 4 - -111?
115
In base 15, what is -6 - 1?
-7
In base 10, what is -122 - 2?
-124
In base 15, what is -1 - -d?
c
In base 2, what is 1001110101 + 1?
1001110110
In base 10, what is -230 - 5?
-235
In base 12, what is -21 - 2?
-23
In base 2, what is -1 - 111101?
-111110
In base 8, what is -7510 + 0?
-7510
In base 6, what is 2430 - 1?
2425
In base 10, what is -466 + 1?
-465
In base 15, what is b5e + -5?
b59
In base 3, what is 12 - 100000?
-22211
In base 10, what is -569 + -1?
-570
In base 10, what is 6 + 13?
19
In base 15, what is -5 + -114?
-119
In base 7, what is -4 - 1101?
-1105
In base 8, what is 1316 - 4?
1312
In base 8, what is -1 + 3734?
3733
In base 9, what is 8 - -231?
240
In base 5, what is 3 - -30311?
30314
In base 3, what is 102022120 + -2?
102022111
In base 9, what is -3641 + 1?
-3640
In base 13, what is -9a + 2?
-98
In base 12, what is -61 - -25?
-38
In base 10, what is 352 - -1?
353
In base 12, what is -2 + a?
8
In base 12, what is 2 + -514?
-512
In base 13, what is 14 + -20?
-9
In base 13, what is -9 - 570?
-579
In base 13, what is -37 + 2?
-35
In base 3, what is -2211 - -21?
-2120
In base 13, what is -46 + -9?
-52
In base 8, what is 1 + 20?
21
In base 3, what is 11 + 2021?
2102
In base 6, what is 23542 + 2?
23544
In base 3, what is 102210 - 10?
102200
In base 10, what is -121 + 4?
-117
In base 7, what is 604 - 4?
600
In base 3, what is 1 + -1122201?
-1122200
In base 14, what is 38 + -1?
37
In base 16, what is -d - 72?
-7f
In base 3, what is -22012 - -1002?
-21010
In base 8, what is 321 + 122?
443
In base 14, what is 6 - -64?
6a
In base 11, what is -299 + 4?
-295
In base 11, what is 512 - -1?
513
In base 11, what is 23a - -1?
240
In base 3, what is -200 - 101?
-1001
In base 12, what is -2151 + 3?
-214a
In base 14, what is -3 - 73?
-76
In base 4, what is -20 + 21231?
21211
In base 15, what is -a - -79?
6e
In base 6, what is -3555 + -5?
-4004
In base 11, what is 7 + 89?
95
In base 10, what is 18885 + 2?
18887
In base 14, what is -4 + -d0?
-d4
In base 4, what is 1 - -1133?
1200
In base 13, what is -5c + 11?
-4b
In base 9, what is -161 - -16?
-144
In base 3, what is 210021 + 20?
210111
In base 11, what is -4207 + 3?
-4204
In base 11, what is -47 - 3?
-4a
In base 11, what is 2 - 68?
-66
In base 8, what is -5 + 127?
122
In base 11, what is 0 - -18?
18
In base 6, what is -1131 + -2?
-1133
In base 15, what is 1 + -14?
-13
In base 15, what is 29 + 5?
2e
In base 3, what is 102220 - 1?
102212
In base 13, what is -10 - -1a?
a
In base 16, what is -326 - 0?
-326
In base 11, what is 4 - 634?
-630
In base 11, what is -12 + 24?
12
In base 11, what is -5 + 6?
1
In base 16, what is 3d64 + 1?
3d65
In base 16, what is -8c + -3?
-8f
In base 11, what is 4 - 23?
-1a
In base 11, what is -5 + -32?
-37
In base 13, what is -380 + 26?
-357
In base 10, what is 2 + 42?
44
In base 2, what is 110001111000 - 1111?
110001101001
In base 12, what is -16a + -4?
-172
In base 15, what is 3 - 25?
-22
In base 15, what is -2 - -1?
-1
In base 15, what is -2 + 394?
392
In base 9, what is -460 - -5?
-454
In base 5, what is 411434 + -2?
411432
In base 3, what is 12112001 + 12?
12112020
In base 12, what is -346 - -3?
-343
In base 10, what is 159 - 88?
71
In base 11, what is 0 - 68?
-68
In base 6, what is 110 - 33?
33
In base 5, what is 22121 - 4?
22112
In base 4, what is 2 + -2313?
-2311
In base 9, what is 1 - -10?
11
In base 8, what is 456 - 3?
453
In base 12, what is -5 + -1368?
-1371
In base 7, what is -4 - 33?
-40
In base 16, what is 0 - 2c?
-2c
In base 16, what is 0 - 2a?
-2a
In base 15, what is 160 + -2?
15d
In base 15, what is -1 + -13?
-14
In base 8, what is 30 - 3?
25
In base 15, what is 1 + -6?
-5
In base 12, what is -4b - 9?
-58
In base 9, what is -744 + 5?
-738
In base 3, what is 2020 + -12?
2001
In base 14, what is 4 - c7?
-c3
In base 4, what is -12211 + -23?
-12300
In base 13, what is -8 + -16?
-21
In base 3, what is -2 - 100000?
-100002
In base 2, what is -1101110 - 10100100?
-100010010
In base 6, what is -4 + -1?
-5
In base 9, what is 1 - 2?
-1
In base 10, what is 86 + 0?
86
In base 7, what is -3 + -24?
-30
In base 15, what is 2c7 - 0?
2c7
In base 2, what is 10011010 + 1101?
10100111
In base 10, what is 72 + 5?
77
In base 8, what is 5 - -2323?
2330
In base 6, what is -1104 + 2?
-1102
In base 10, what is -5 - -102?
97
In base 16, what is -4 + -fb?
-ff
In base 14, what is -d + -6b?
-7a
In base 3, what is 10 + 20102120?
20102200
In base 9, what is -54 + -41?
-105
In base 9, what is 4 - 31?
-26
In base 4, what is -200223 + -3?
-200232
In base 2, what is -10 + 10011?
10001
In base 6, what is -1134002 + -1?
-1134003
In base 16, what is 3 + 78?
7b
In base 2, what is 10101110 - 101?
10101001
In base 12, what is -1 + 9a1?
9a0
In base 11, what is 4 - 519?
-515
In base 7, what is 3355 - -3?
3361
In base 13, what is -370 - b?
-37b
In base 9, what is 1 - 3646?
-3645
In base 8, what is 3141 + -3?
3136
In base 7, what is 22103 + 5?
22111
In base 4, what is -333001 + 10?
-332331
In base 10, what is -4 + 48?
44
In base 12, what is -1 - 212?
-213
In base 15, what is 1db2 - -4?
1db6
In base 11, what is -607 + -3?
-60a
In base 8, what is -44 - -6?
-36
In base 9, what is 1 - 576?
-575
In base 2, what is -101010101 + 101?
-101010000
In base 2, what is 100010111 - 11?
100010100
In base 7, what is 252 + 101?
353
In base 16, what is -31 - 70?
-a1
In base 11, what is -5 - -36?
31
In base 13, what is -5 - -220?
218
In base 2, what is 100 + -101000011?
-100111111
In base 16, what is -4 + 1de?
1da
In base 14, what is -1 - -76?
75
In base 11, what is 91 - -5?
96
In base 3, what is 1002 + 1101?
2110
In base 15, what is -70 - 10?
-80
In base 10, what is 1607 - 7?
1600
In base 13, what is -1 - 830?
-831
In base 9, what is -21 + 15?
-5
In base 2, what is -1011101111001 + 0?
-1011101111001
In base 3, what is 21 - 1000?
-202
In base 2, what is 1100100 + -1000101?
11111
In base 10, what is 4 - -71?
75
In base 15, what is 10 + -5e0?
-5d0
In base 11, what is -491 - a?
-4a0
In base 8, what is 761 - -23?
1004
In base 4, what is 100 + -231?
-131
In base 2, what is -101 - 11000?
-11101
In base 11, what is 745 + -23?
722
In base 2, what is -11 - 11100110011?
-11100110110
In base 6, what is -143 - 1?
-144
In base 6, what is 2223 + -10?
2213
In base 11, what is -1 + -121?
-122
In base 16, what is -12 + 83?
71
In base 13, w